uppose -5*z = -c - 156, -9 = -3*c + 3. Let x = 157 - z. Let n = x + -66. Is n a composite number?
False
Let t(u) = -561*u - 22. Let j be t(-8). Let x = j - 2040. Is x a composite number?
True
Let s = 200796 - 16633. Is s a prime number?
False
Suppose -46*w + 1064342 + 46604 = 0. Is w composite?
False
Suppose -69*r + 74*r = 10. Suppose -3772 = 4*j - 4*z, -r*j = 2*z - 6*z + 1886. Let w = -492 - j. Is w prime?
False
Let l = -32 - -60. Suppose -l*d + 24*d + 12 = 0. Suppose 2*k - 3*k - 217 = -4*g, d*g - 156 = 3*k. Is g prime?
False
Suppose 0 = 11*w - 6 - 16. Let l be w/(-20)*165/(-22)*8. Is (-2)/6 - (-2192)/l prime?
False
Let m = -206968 - -351555. Is m composite?
True
Let r = -117 - -52. Let t = -63 - r. Suppose -4*l + 2*f + 446 = -3*l, -t*f = 0. Is l a prime number?
False
Suppose -8978 = -18*w + 33916. Suppose 8*y - 4*k = 3*y + 2379, 5*y = 3*k + w. Is y a composite number?
False
Let b(n) = -25*n - 128. Let y be b(-17). Let d = -179 + y. Is d prime?
False
Let z(u) = 2994*u - 27. Let l be z(1). Let g = 4328 - l. Is g composite?
False
Is (32201 - 2)*(-84 - -85) a prime number?
False
Let z be (-1)/5 - (7 + 704/(-20)). Suppose 4*h + 84 = z. Is 12/210*5 - 11490/h a prime number?
True
Let f = -111039 + 193196. Is f a prime number?
False
Suppose -3*c = -3*j + 1120 + 257, -1373 = 3*c + j. Let b = -3424 + 2547. Let s = c - b. Is s prime?
True
Is 5/(102/560643*(-5)/(-2)) prime?
True
Let g be 382/(-2 + (-72)/(-30)). Suppose -i = 4*i - g. Is i a composite number?
False
Let r(a) = -7*a**3 + 139*a**2 - 148*a - 11. Is r(-36) prime?
False
Let d = -6098 + 10838. Is ((d/25)/4)/((-2)/(-10)) prime?
False
Suppose 1003*u = 1018*u - 2994315. Is u prime?
True
Suppose g = 2, 13*x - 2*g = 14*x - 4. Suppose 0 = -2*h + 6. Is x + -2 - (h - 36) a composite number?
False
Suppose 5*x + 15 = 10*x. Let q be (-3)/6*(-5 - (9 - 6)). Suppose b + b = q*o - 6862, -b = x. Is o a composite number?
True
Suppose -5*y + 278375 = -5*r - 487955, -3*y - 4*r = -459770. Is y prime?
False
Let w = -10 - 42. Is w/(-8)*210 - 4 prime?
True
Let k(o) = 5360*o**2 + 281*o + 1145. Is k(-4) a composite number?
False
Let o(q) = 28 + 20*q**2 + q**3 - 2*q**2 + 37 - 25 - 17*q. Let z be o(-19). Suppose 0 = -2*y - z*d + 1678, -3*y + 4*d - 839 = -4*y. Is y a prime number?
True
Let d(h) = -2648*h - 55. Let k be d(5). Let f = -6736 - k. Is f a composite number?
True
Let k = -592948 + 1482429. Is k a prime number?
True
Suppose -3*q + 3*w = 15, 0*q - 2*w - 20 = q. Let h be (-55)/q - 1 - (-1)/2. Suppose -11494 = -h*g + 6241. Is g prime?
True
Let l(k) = k**3 + 4*k**2 - 8*k - 16. Let m be l(-5). Is (m/(-3) + 24550/(-15))*-3 composite?
False
Is (1 - 672998)/((-15 - -12) + (-5 - -7)) a prime number?
False
Suppose -2*w - 2*w - 4*h = -135840, -2*h + 33961 = w. Is w a prime number?
False
Let y(p) = 1644*p**2 - 245*p - 39. Is y(10) a composite number?
False
Let s(w) = -59*w - 10. Let t be s(-1). Suppose 50*a - t*a = 20789. Is a prime?
True
Suppose -30 = -11*m + 14. Suppose c - 15285 = -m*v, 3*v - 4*c + 6*c = 11465. Is v a prime number?
True
Let n = -620412 + 879085. Is n a composite number?
False
Suppose -110668 = -m + 2*h - 5725, 0 = 5*m - 3*h - 524708. Is m prime?
False
Let c(y) = -6*y + 10 + 6*y**2 + 8*y**2 + 2*y + 19. Let i(x) = x**2 - 18*x - 25. Let m be i(19). Is c(m) prime?
True
Let n be (-16)/(-10) + -2 + (-60)/(-25). Suppose -3 = n*s - 7. Suppose -3*t - s*h + 593 = 0, 7*h + 999 = 5*t + 5*h. Is t a composite number?
False
Suppose 5*f + 5*u - 32460 = 0, 5*u = 6*f - 7*f + 6500. Let w = f + 6737. Is w prime?
False
Let m(v) = 106*v**2 + 11*v - 7. Let j(x) = 106*x**2 + 11*x - 7. Let q(t) = -4*j(t) + 5*m(t). Is q(-8) composite?
False
Let c(k) = 3*k**2 - 22*k + 107. Is c(4) prime?
True
Suppose 4*i = 9*i - 10. Suppose 2293 = j + i*s - 4*s, -j = -3*s - 2294. Is j composite?
True
Let o be (0 + 1)*44/2. Let a(t) = 2*t**2 + 4*t - o - 6*t + t - t**3 + 15*t**2. Is a(15) prime?
False
Suppose -3*c = 3*t - 6, -3 = 4*c + 9. Suppose -15 = -t*x + 3*h + 5, 0 = -3*x - h + 12. Let d(i) = 12*i**2 + 4*i - 21. Is d(x) composite?
True
Suppose -5*o + 2*o + 2*f = 258, 4*f - 12 = 0. Let g = 86 + o. Is (7065/75)/(g/10) a prime number?
False
Suppose 3*d - 2130420 + 605270 = -5*s, -1016769 = -2*d - s. Suppose -d = -10*w - 7*w. Is w prime?
False
Suppose -2*d - 90 = 3*v, 0 = 3*d + 3*v - 4*v + 113. Let s = d + 41. Is (231/(-6))/(s/(-4)) composite?
True
Let m(i) = 22*i**3 + 3*i**2 + 7*i - 3. Let o be m(3). Let z = o - 401. Let x = 495 - z. Is x a prime number?
True
Let d(v) = -2*v - 2. Let k be d(-3). Suppose m = -0*p + 3*p - 3811, 2522 = 2*p + k*m. Suppose -l + p = 8*l. Is l a composite number?
True
Let h(l) be the first derivative of 2*l**3 - 2*l**2 - 7*l + 18. Let z(u) = u**2 + 11*u - 8. Let a be z(-11). Is h(a) a prime number?
True
Let t(a) = 2*a**2 + 24*a + 3. Suppose 10*y - 36 = 13*y. Let r be t(y). Suppose -r*n = 5*z - n - 2665, 3*z - 1615 = 2*n. Is z a composite number?
True
Let h = 126 + -128. Is 3/4 - (-1481)/(-8)*h composite?
True
Let j = -189 - -189. Suppose 2*t - 3*o = 32273, 2*o - 16147 = -t - j*o. Is t a composite number?
False
Let l = 31424 - 14025. Is l a composite number?
True
Suppose 551 = 64*q - 345. Suppose -19*c + 2551065 = q*c. Is c a prime number?
False
Let s(k) = -k**2 + 83*k - 1645. Let l be s(50). Let j be 2/2 + 2/1. Suppose -2*p = j*z - 3227, -3*z - 8120 = -l*p - 0*z. Is p prime?
True
Is 1068486 - (7/4)/((-56)/224) prime?
False
Suppose -84*g + 9464579 = -179*g + 126*g. Is g composite?
True
Let o = -478 + 494. Is 87830/o - (-1)/(-24)*9 prime?
False
Suppose f + 10 = 2*d, 4*f = -0*d - 3*d - 7. Suppose h = -d*h - 0*h. Is -3 + h*(-2)/(-6) - -2788 a composite number?
True
Let n(k) = 1166*k**2 - 65*k + 750. Is n(11) a prime number?
True
Let c(h) = 111*h**2 - 47*h - 345. Is c(-26) prime?
True
Suppose v = 1, 4*a - 5*v = -53 - 28. Let f(t) be the third derivative of t**6/120 + 13*t**5/30 - 23*t**4/24 - 29*t**3/6 + 18*t**2. Is f(a) a prime number?
False
Let w be (0 + -27)/((-5)/55). Suppose -w + 836 = -7*t. Let y = t - -200. Is y prime?
False
Let d(a) = -251*a**3 - 9*a**2 + 5*a + 10. Let x be d(-4). Let r = x + -4727. Is r prime?
False
Let u = 39 - 36. Suppose -7032 = -u*g - 2061. Is g composite?
False
Suppose -6*c - 2365 = -925. Let i = c + 353. Suppose -a = i - 744. Is a a prime number?
True
Let j be (4 + (-4 - -1))*1 - 137. Let w = -79 - j. Suppose 5*v - w = 518. Is v prime?
False
Suppose -5*u - 5*r - 44386 = -8*u, -3 = -3*r. Is u composite?
False
Let o(j) = 1428*j**2 - 216*j + 1049. Is o(5) a composite number?
True
Let m(w) = 3205*w + 1108. Is m(3) prime?
True
Let w be (-1)/(-6) - (-354896)/96. Let t = w + 3250. Is t prime?
True
Let c = -1087 - -4806. Let m = 13252 - c. Is m composite?
False
Let c(n) = 7*n**3 + 28*n**2 - 71*n + 113. Is c(11) a composite number?
False
Let l(s) = 225*s**2 + 35*s + 1527. Is l(-26) composite?
False
Let u(k) = 1339*k + 16. Suppose -36 = 2*z + 94. Let r(l) = 14730*l + 175. Let v(n) = z*u(n) + 6*r(n). Is v(3) a prime number?
False
Let a(d) = 3*d + 2805. Let i be a(0). Suppose 24*k - i = 21*k. Let f = 2296 - k. Is f a composite number?
False
Let c(b) = 106*b**3 - 5*b**2 + 201*b - 1009. Is c(5) composite?
False
Let b(l) be the second derivative of 3*l**5/20 + l**4/4 + l**3/6 + 7*l**2/2 - 115*l + 2. Let o = -2 + 6. Is b(o) a prime number?
True
Let c be ((-6)/(-15))/(2/10). Let d be c/(-5) - (-54)/10. Suppose d*x - m = -4*m + 9460, -5*m = x - 1914. Is x composite?
False
Suppose 28*j - 145435 - 28904 = j. Is j a prime number?
False
Let w = -9541 + 17688. Is w a prime number?
True
Suppose 2*z + 2*z - 160 = 0. Let h = z + -40. Suppose -5*r + 5 + 0 = h, 3*l = -5*r + 206. Is l composite?
False
Let a(r) = r**2 - 4*r + 3. Let k(f) = f**2 + 9*f + 10. Let p be k(-8). Let i be a(p). Is 6965/10 + i/(-2) composite?
True
Suppose 2*f + 24603 = 3*s, 2*s - 14*f + 13*f = 16403. Is s a prime number?
False
Let z(n) = n**2 - 8*n + 18. Let b be z(5). Suppose 8678 = b*k - 50035. Is k a composite number?
False
Let c(g) be the second derivative of -55*g**3/6 + g**2/2 - 2*g. Let k(p) = -p**2 - 12*p - 2. Let v be k(-12). Is c(v) composite?
True
Suppose -p + 65 = 17. Suppose -33*s = -p*s + 15555. Is s a composite number?
True
Let s(c) = 5*c - 1. Let o be s(-1). Let v be 141 + (-3)/(9/o). Suppose 0*d - 5*y - v = -2*d, -5*y = 2*d - 93.